{"id":1639,"date":"2024-07-02T09:07:23","date_gmt":"2024-07-02T13:07:23","guid":{"rendered":"https:\/\/www.proeibandes.org\/?page_id=1639"},"modified":"2024-07-02T09:07:41","modified_gmt":"2024-07-02T13:07:41","slug":"la-educacion-intercultural-en-el-contexto-colombiano","status":"publish","type":"page","link":"https:\/\/www.proeibandes.org\/?page_id=1639","title":{"rendered":"La educaci\u00f3n intercultural en el contexto colombiano"},"content":{"rendered":"\n<div class=\"wp-block-stackable-spacer stk-block-spacer stk--no-padding stk-block stk-187b5c6\" data-block-id=\"187b5c6\"><\/div>\n\n\n\n<div class=\"wp-block-stackable-image stk-block-image stk-block stk-12179e3\" data-block-id=\"12179e3\"><figure><span class=\"stk-img-wrapper stk-image--shape-stretch\"><img loading=\"lazy\" decoding=\"async\" class=\"stk-img wp-image-1640\" src=\"http:\/\/www.proeibandes.org\/wp-content\/uploads\/2024\/07\/ARTE-TALLER-COLOMBIANOS.png\" width=\"1920\" height=\"1080\" srcset=\"https:\/\/www.proeibandes.org\/wp-content\/uploads\/2024\/07\/ARTE-TALLER-COLOMBIANOS.png 1920w, https:\/\/www.proeibandes.org\/wp-content\/uploads\/2024\/07\/ARTE-TALLER-COLOMBIANOS-300x169.png 300w, https:\/\/www.proeibandes.org\/wp-content\/uploads\/2024\/07\/ARTE-TALLER-COLOMBIANOS-1024x576.png 1024w, https:\/\/www.proeibandes.org\/wp-content\/uploads\/2024\/07\/ARTE-TALLER-COLOMBIANOS-768x432.png 768w, https:\/\/www.proeibandes.org\/wp-content\/uploads\/2024\/07\/ARTE-TALLER-COLOMBIANOS-1536x864.png 1536w\" sizes=\"(max-width: 1920px) 100vw, 1920px\" \/><\/span><\/figure><\/div>\n\n\n\n<div class=\"wp-block-stackable-spacer stk-block-spacer stk--no-padding stk-block stk-b9d3e75\" data-block-id=\"b9d3e75\"><\/div>\n\n\n\n<p>Cochabamba 30 de junio<\/p>\n\n\n\n<p>Lugar: Campus Universitarios Universidad Mayor San Sim\u00f3n.<\/p>\n\n\n\n<p>Actividades de Pasant\u00eda Internacional.<\/p>\n\n\n\n<p>Objetivo General:&nbsp;<\/p>\n\n\n\n<p>Fomentar un di\u00e1logo sobre educaci\u00f3n intercultural como herramienta para promover el respeto, la diversidad y la inclusi\u00f3n en nuestras comunidades.<\/p>\n\n\n\n<p>Objetivos espec\u00edficos:<\/p>\n\n\n\n<p>\u2022&nbsp;&nbsp;&nbsp;&nbsp; Comprender la importancia de la educaci\u00f3n intercultural en el contexto colombiano y su potencial para promover la convivencia pac\u00edfica y el desarrollo humano.<\/p>\n\n\n\n<p>\u2022&nbsp;&nbsp;&nbsp;&nbsp; Explorar los diferentes enfoques y pr\u00e1cticas pedag\u00f3gicas que promueven la educaci\u00f3n intercultural, considerando las particularidades de las comunidades y territorios colombianos.<\/p>\n\n\n\n<p>\u2022&nbsp;&nbsp;&nbsp;&nbsp; Reflexionar sobre los desaf\u00edos y oportunidades que enfrenta la educaci\u00f3n intercultural en el contexto actual, y plantear estrategias para promover su implementaci\u00f3n efectiva.<\/p>\n\n\n\n<div class=\"wp-block-stackable-spacer stk-block-spacer stk--no-padding stk-block stk-d6e4bca\" data-block-id=\"d6e4bca\"><\/div>\n","protected":false},"excerpt":{"rendered":"<p>Cochabamba 30 de junio Lugar: Campus Universitarios Universidad Mayor San Sim\u00f3n. Actividades de Pasant\u00eda Internacional. Objetivo General:&nbsp; Fomentar un di\u00e1logo sobre educaci\u00f3n intercultural como herramienta para promover el respeto, la diversidad y la inclusi\u00f3n en nuestras comunidades. Objetivos espec\u00edficos: \u2022&nbsp;&nbsp;&nbsp;&nbsp; Comprender la importancia de la educaci\u00f3n intercultural en el contexto colombiano y su potencial para [&hellip;]<\/p>\n","protected":false},"author":2,"featured_media":0,"parent":0,"menu_order":0,"comment_status":"closed","ping_status":"closed","template":"","meta":{"footnotes":""},"class_list":["post-1639","page","type-page","status-publish","hentry"],"blocksy_meta":[],"_links":{"self":[{"href":"https:\/\/www.proeibandes.org\/index.php?rest_route=\/wp\/v2\/pages\/1639"}],"collection":[{"href":"https:\/\/www.proeibandes.org\/index.php?rest_route=\/wp\/v2\/pages"}],"about":[{"href":"https:\/\/www.proeibandes.org\/index.php?rest_route=\/wp\/v2\/types\/page"}],"author":[{"embeddable":true,"href":"https:\/\/www.proeibandes.org\/index.php?rest_route=\/wp\/v2\/users\/2"}],"replies":[{"embeddable":true,"href":"https:\/\/www.proeibandes.org\/index.php?rest_route=%2Fwp%2Fv2%2Fcomments&post=1639"}],"version-history":[{"count":2,"href":"https:\/\/www.proeibandes.org\/index.php?rest_route=\/wp\/v2\/pages\/1639\/revisions"}],"predecessor-version":[{"id":1642,"href":"https:\/\/www.proeibandes.org\/index.php?rest_route=\/wp\/v2\/pages\/1639\/revisions\/1642"}],"wp:attachment":[{"href":"https:\/\/www.proeibandes.org\/index.php?rest_route=%2Fwp%2Fv2%2Fmedia&parent=1639"}],"curies":[{"name":"wp","href":"https:\/\/api.w.org\/{rel}","templated":true}]}}