{"id":17,"date":"2018-06-25T19:16:59","date_gmt":"2018-06-25T19:16:59","guid":{"rendered":"http:\/\/ciproeib.proeibandes.org\/?page_id=17"},"modified":"2024-06-20T10:47:56","modified_gmt":"2024-06-20T14:47:56","slug":"ci-proeib-andes","status":"publish","type":"page","link":"https:\/\/www.proeibandes.org\/?page_id=17","title":{"rendered":"\u00bfPor qu\u00e9 es importante cursar la maestr\u00eda en bio-educaci\u00f3n y culturas?"},"content":{"rendered":"\n<div class=\"wp-block-stackable-spacer stk-block-spacer stk--no-padding stk-block stk-0c11cec\" data-block-id=\"0c11cec\"><\/div>\n\n\n\n<p class=\"has-text-align-left\">En el primer semestre de 2024, lanzamos la convocatoria para la maestr\u00eda en <em>\u201cBio-educaci\u00f3n y Culturas\u201d<\/em>, desarrollada en el Centro Interdisciplinario PROEIB Andes (CIPA), con apoyo del Departamento de Posgrado de la Facultad de Humanidades y Ciencias de la Educaci\u00f3n en la Universidad Mayor de San Sim\u00f3n (UMSS).<\/p>\n\n\n\n<p class=\"has-text-align-left\">Desde inicio del milenio, el CIPA ha priorizado la problem\u00e1tica ambiental tanto en las investigaciones como en la formaci\u00f3n. Para esta gesti\u00f3n 2024, dimos un gran salto, no solo centramos nuestro enfoque en pueblos ind\u00edgenas sino ahora tambi\u00e9n en <em>Bio-educaci\u00f3n<\/em>, una forma alternativa de educar basados en la recuperaci\u00f3n del medio ambiente y la vida.<\/p>\n\n\n\n<p class=\"has-text-align-left\">La maestr\u00eda tiene una perspectiva cr\u00edtica al sistema de conocimientos que sustenta el modelo civilizatorio y extractivista, que pone en riesgo la vida en el planeta para producir conocimiento alternativo. El master formado en esta maestr\u00eda que ser\u00e1 de modalidad h\u00edbrida, podr\u00e1 gestionar programas y proyectos de bio-educaci\u00f3n y culturas para la resoluci\u00f3n de problemas ecol\u00f3gicos y socioambientales que restringen la sostenibilidad de la vida.<\/p>\n\n\n\n<p class=\"has-text-align-left\">En este sentido, el Centro Interdisciplinario PROEIB Andes, en convenio con el Departamento de Posgrado de la Facultad de Humanidades y Ciencias de la Educaci\u00f3n de la Universidad Mayor de San Sim\u00f3n (UMSS), convoca: a profesionales con grado de licenciatura en Ciencias Sociales, Humanas y otras \u00e1reas, interesados en desarrollar conocimientos, pr\u00e1cticas y habilidades en la maestr\u00eda de <em>Bio-educaci\u00f3n y Culturas<\/em>, a postular e inscribirse.<\/p>\n\n\n\n<p class=\"has-text-align-left\">&nbsp;M\u00e1s informaci\u00f3n en el siguiente enlace:<\/p>\n\n\n\n<p class=\"has-text-align-left\"><a href=\"https:\/\/bit.ly\/3Tgx1IP\">https:\/\/bit.ly\/3Tgx1IP<\/a><\/p>\n\n\n\n<p class=\"has-text-align-left\">Gracias por apoyarnos y estamos a la espera de cualquier requerimiento de informaci\u00f3n que solicite.<\/p>\n\n\n\n<div class=\"wp-block-stackable-spacer stk-block-spacer stk--no-padding stk-block stk-6b5b83f\" data-block-id=\"6b5b83f\"><\/div>\n\n\n\n<div class=\"wp-block-stackable-image stk-block-image stk-block stk-8986b69\" data-block-id=\"8986b69\"><figure><span class=\"stk-img-wrapper stk-image--shape-stretch\"><img loading=\"lazy\" decoding=\"async\" class=\"stk-img wp-image-804\" src=\"http:\/\/www.proeibandes.org\/wp-content\/uploads\/2024\/04\/FB_IMG_1712620878563.jpg\" width=\"1080\" height=\"1080\" srcset=\"https:\/\/www.proeibandes.org\/wp-content\/uploads\/2024\/04\/FB_IMG_1712620878563.jpg 1080w, https:\/\/www.proeibandes.org\/wp-content\/uploads\/2024\/04\/FB_IMG_1712620878563-300x300.jpg 300w, https:\/\/www.proeibandes.org\/wp-content\/uploads\/2024\/04\/FB_IMG_1712620878563-1024x1024.jpg 1024w, https:\/\/www.proeibandes.org\/wp-content\/uploads\/2024\/04\/FB_IMG_1712620878563-150x150.jpg 150w, https:\/\/www.proeibandes.org\/wp-content\/uploads\/2024\/04\/FB_IMG_1712620878563-768x768.jpg 768w\" sizes=\"(max-width: 1080px) 100vw, 1080px\" \/><\/span><\/figure><\/div>\n\n\n\n<div class=\"wp-block-stackable-spacer stk-block-spacer stk--no-padding stk-block stk-c068220\" data-block-id=\"c068220\"><\/div>\n\n\n\n<div class=\"wp-block-stackable-heading stk-block-heading stk-block-heading--v2 stk-block stk-d4fa083\" id=\"centro-interdisciplinario-proeib-andes\" data-block-id=\"d4fa083\"><style>.stk-d4fa083 .stk-block-heading__text{font-size:40px !important}@media screen and (max-width:999px){.stk-d4fa083 .stk-block-heading__text{font-size:40px !important}}<\/style><h2 class=\"stk-block-heading__text\">Centro Interdisciplinario PROEIB Andes<\/h2><\/div>\n\n\n\n<p>El Programa de Formaci\u00f3n en Educaci\u00f3n Intercultural Biling\u00fce para los Pa\u00edses Andinos (PROEIB Andes) desarrolla sus actividades desde 1996 en la Facultad de Humanidades, de la Universidad Mayor de San Sim\u00f3n, constituy\u00e9ndose en referente internacional en educaci\u00f3n intercultural biling\u00fce e investigaci\u00f3n en problem\u00e1ticas relativas a los pueblos ind\u00edgenas.<\/p>\n\n\n\n<p>Este programa se fund\u00f3 como iniciativa conjunta entre universidades, ministerios de educaci\u00f3n y organizaciones de Bolivia y Am\u00e9rica Latina (Colombia, Chile, Ecuador, Per\u00fa y Argentina), y agencias de cooperaci\u00f3n internacional. Desde el 2000 al 2011 fue parte del Proyecto Universidad Ind\u00edgena Intercultural, en convenio con el Fondo de Desarrollo para los Pueblos Ind\u00edgenas de Am\u00e9rica Latina y El Caribe, con lo cual ampli\u00f3 su radio de acci\u00f3n a Centro Am\u00e9rica con 19 universidades aliadas.<\/p>\n\n\n\n<p>Sus principales actividades son la formaci\u00f3n, la investigaci\u00f3n, la asistencia t\u00e9cnica, la asesor\u00eda en Educaci\u00f3n e Interculturalidad, la gesti\u00f3n documental y la publicaci\u00f3n e interacci\u00f3n social. El desarrollo de sus actividades est\u00e1 en consonancia con las demandas sociales por una educaci\u00f3n cultural y ling\u00fc\u00edsticamente pertinente en los contextos de diversidad cultural de Am\u00e9rica Latina. Por ello, coordina con organizaciones ind\u00edgenas, ministerios, universidades, organismos de cooperaci\u00f3n internacional y otras instituciones que trabajan con la Educaci\u00f3n Intercultural y Biling\u00fce.<\/p>\n\n\n\n<div class=\"wp-block-stackable-spacer stk-block-spacer stk--no-padding stk-block stk-fdf3d79\" data-block-id=\"fdf3d79\"><\/div>\n\n\n\n<div class=\"wp-block-stackable-image stk-block-image stk-block stk-69ebe7e\" data-block-id=\"69ebe7e\"><figure><span class=\"stk-img-wrapper stk-image--shape-stretch\"><img loading=\"lazy\" decoding=\"async\" class=\"stk-img wp-image-824\" src=\"http:\/\/www.proeibandes.org\/wp-content\/uploads\/2024\/05\/ojos.jpg\" width=\"1080\" height=\"1080\" srcset=\"https:\/\/www.proeibandes.org\/wp-content\/uploads\/2024\/05\/ojos.jpg 1080w, https:\/\/www.proeibandes.org\/wp-content\/uploads\/2024\/05\/ojos-300x300.jpg 300w, https:\/\/www.proeibandes.org\/wp-content\/uploads\/2024\/05\/ojos-1024x1024.jpg 1024w, https:\/\/www.proeibandes.org\/wp-content\/uploads\/2024\/05\/ojos-150x150.jpg 150w, https:\/\/www.proeibandes.org\/wp-content\/uploads\/2024\/05\/ojos-768x768.jpg 768w\" sizes=\"(max-width: 1080px) 100vw, 1080px\" \/><\/span><\/figure><\/div>\n\n\n\n<div class=\"wp-block-stackable-spacer stk-block-spacer stk--no-padding stk-block stk-a700060\" data-block-id=\"a700060\"><\/div>\n\n\n\n<p>El PROEIB Andes ha atravesado por 2 etapas. Una bajo el auspicio de la Cooperaci\u00f3n Internacional, especialmente de la Rep\u00fablica de Alemania (GTZ), y otra desde el 2007 cuando pas\u00f3 a ser parte de la UMSS. Considerado como un programa de referencia en Am\u00e9rica Latina, se abre una tercera etapa de desaf\u00edos a nivel regional que implican mantener y fortalecer su nicho hist\u00f3rico acad\u00e9mico en lo que respecta a la Educaci\u00f3n y a la Interculturalidad, ampliar su know how y servicios atendiendo a las demandas todav\u00eda crecientes por una formaci\u00f3n educativa y de investigaci\u00f3n no cubiertas en la regi\u00f3n latinoamericana, bajo un enfoque intercultural.<\/p>\n\n\n\n<p>Desde 1998 a la fecha, ha concluido con ocho versiones de su Maestr\u00eda en EIB, cuatro versiones de un Curso de Especializaci\u00f3n en EIB en Am\u00e9rica Latina, y dos versiones de la Maestr\u00eda en Socioling\u00fc\u00edstica. En ambas maestr\u00edas, hasta la fecha, 243 estudiantes han concluido sus estudios y de ellos, se han titulado 205 entre hombres y mujeres de origen ind\u00edgena provenientes de varios pa\u00edses de Am\u00e9rica Latina, llegando a 84% de titulaci\u00f3n. Fueron parte de estos cursos, estudiantes ind\u00edgenas y no ind\u00edgenas de Argentina, Belice, Bolivia, Chile, Colombia, Costa Rica, Ecuador, Guatemala, Honduras, M\u00e9xico, Nicaragua, Panam\u00e1, Paraguay, Per\u00fa y Venezuela.<\/p>\n\n\n\n<p>Desde el 2013, el PROEIB Andes, en convenio con la Universidad Cat\u00f3lica de Lovaina, B\u00e9lgica, desarrolla la Maestr\u00eda en Socioling\u00fc\u00edstica (3\u00aa versi\u00f3n). El 2016 el PROEIB Andes inici\u00f3 el doctorado en Estudios Socioculturales. Tambi\u00e9n continuar\u00e1 con el desarrollo de la Maestr\u00eda en Educaci\u00f3n Intercultural Biling\u00fce, en su d\u00e9cima versi\u00f3n, desde el 2019.<\/p>\n\n\n\n<p>El 2017, con base en su trayectoria, experiencia y prestigio internacional, se ha constitu\u00eddo en Centro Interdisciplinario PROEIB Andes, como unidad de investigaci\u00f3n especializada y de formaci\u00f3n posgradual.<\/p>\n\n\n\n<p>El 2017, con base en su trayectoria, experiencia y prestigio internacional, se ha constitu\u00eddo en Centro Interdisciplinario PROEIB Andes, como unidad de investigaci\u00f3n especializada y de formaci\u00f3n posgradual. Asimismo, se ha dado inicio al Doctorado en Estudios Socioculturales.<\/p>\n\n\n\n<div class=\"wp-block-stackable-spacer stk-block-spacer stk--no-padding stk-block stk-d60d141\" data-block-id=\"d60d141\"><\/div>\n","protected":false},"excerpt":{"rendered":"<p>En el primer semestre de 2024, lanzamos la convocatoria para la maestr\u00eda en \u201cBio-educaci\u00f3n y Culturas\u201d, desarrollada en el Centro Interdisciplinario PROEIB Andes (CIPA), con apoyo del Departamento de Posgrado de la Facultad de Humanidades y Ciencias de la Educaci\u00f3n en la Universidad Mayor de San Sim\u00f3n (UMSS). Desde inicio del milenio, el CIPA ha [&hellip;]<\/p>\n","protected":false},"author":1,"featured_media":0,"parent":0,"menu_order":1,"comment_status":"closed","ping_status":"closed","template":"","meta":{"footnotes":""},"class_list":["post-17","page","type-page","status-publish","hentry"],"blocksy_meta":[],"_links":{"self":[{"href":"https:\/\/www.proeibandes.org\/index.php?rest_route=\/wp\/v2\/pages\/17"}],"collection":[{"href":"https:\/\/www.proeibandes.org\/index.php?rest_route=\/wp\/v2\/pages"}],"about":[{"href":"https:\/\/www.proeibandes.org\/index.php?rest_route=\/wp\/v2\/types\/page"}],"author":[{"embeddable":true,"href":"https:\/\/www.proeibandes.org\/index.php?rest_route=\/wp\/v2\/users\/1"}],"replies":[{"embeddable":true,"href":"https:\/\/www.proeibandes.org\/index.php?rest_route=%2Fwp%2Fv2%2Fcomments&post=17"}],"version-history":[{"count":43,"href":"https:\/\/www.proeibandes.org\/index.php?rest_route=\/wp\/v2\/pages\/17\/revisions"}],"predecessor-version":[{"id":1439,"href":"https:\/\/www.proeibandes.org\/index.php?rest_route=\/wp\/v2\/pages\/17\/revisions\/1439"}],"wp:attachment":[{"href":"https:\/\/www.proeibandes.org\/index.php?rest_route=%2Fwp%2Fv2%2Fmedia&parent=17"}],"curies":[{"name":"wp","href":"https:\/\/api.w.org\/{rel}","templated":true}]}}

¿Por qué es importante cursar la maestría en bio-educación y culturas?

<div class="wp-block-stackable-spacer stk-block-spacer stk--no-padding stk-block stk-0c11cec" data-block-id="0c11cec"></div>



<p class="has-text-align-left">En el primer semestre de 2024, lanzamos la convocatoria para la maestría en <em>“Bio-educación y Culturas”</em>, desarrollada en el Centro Interdisciplinario PROEIB Andes (CIPA), con apoyo del Departamento de Posgrado de la Facultad de Humanidades y Ciencias de la Educación en la Universidad Mayor de San Simón (UMSS).</p>



<p class="has-text-align-left">Desde inicio del milenio, el CIPA ha priorizado la problemática ambiental tanto en las investigaciones como en la formación. Para esta gestión 2024, dimos un gran salto, no solo centramos nuestro enfoque en pueblos indígenas sino ahora también en <em>Bio-educación</em>, una forma alternativa de educar basados en la recuperación del medio ambiente y la vida.</p>



<p class="has-text-align-left">La maestría tiene una perspectiva crítica al sistema de conocimientos que sustenta el modelo civilizatorio y extractivista, que pone en riesgo la vida en el planeta para producir conocimiento alternativo. El master formado en esta maestría que será de modalidad híbrida, podrá gestionar programas y proyectos de bio-educación y culturas para la resolución de problemas ecológicos y socioambientales que restringen la sostenibilidad de la vida.</p>



<p class="has-text-align-left">En este sentido, el Centro Interdisciplinario PROEIB Andes, en convenio con el Departamento de Posgrado de la Facultad de Humanidades y Ciencias de la Educación de la Universidad Mayor de San Simón (UMSS), convoca: a profesionales con grado de licenciatura en Ciencias Sociales, Humanas y otras áreas, interesados en desarrollar conocimientos, prácticas y habilidades en la maestría de <em>Bio-educación y Culturas</em>, a postular e inscribirse.</p>



<p class="has-text-align-left">&nbsp;Más información en el siguiente enlace:</p>



<p class="has-text-align-left"><a href="https://bit.ly/3Tgx1IP">https://bit.ly/3Tgx1IP</a></p>



<p class="has-text-align-left">Gracias por apoyarnos y estamos a la espera de cualquier requerimiento de información que solicite.</p>



<div class="wp-block-stackable-spacer stk-block-spacer stk--no-padding stk-block stk-6b5b83f" data-block-id="6b5b83f"></div>



<div class="wp-block-stackable-image stk-block-image stk-block stk-8986b69" data-block-id="8986b69"><figure><span class="stk-img-wrapper stk-image--shape-stretch"><img loading="lazy" decoding="async" class="stk-img wp-image-804" src="http://www.proeibandes.org/wp-content/uploads/2024/04/FB_IMG_1712620878563.jpg" width="1080" height="1080" srcset="https://www.proeibandes.org/wp-content/uploads/2024/04/FB_IMG_1712620878563.jpg 1080w, https://www.proeibandes.org/wp-content/uploads/2024/04/FB_IMG_1712620878563-300x300.jpg 300w, https://www.proeibandes.org/wp-content/uploads/2024/04/FB_IMG_1712620878563-1024x1024.jpg 1024w, https://www.proeibandes.org/wp-content/uploads/2024/04/FB_IMG_1712620878563-150x150.jpg 150w, https://www.proeibandes.org/wp-content/uploads/2024/04/FB_IMG_1712620878563-768x768.jpg 768w" sizes="(max-width: 1080px) 100vw, 1080px" /></span></figure></div>



<div class="wp-block-stackable-spacer stk-block-spacer stk--no-padding stk-block stk-c068220" data-block-id="c068220"></div>



<div class="wp-block-stackable-heading stk-block-heading stk-block-heading--v2 stk-block stk-d4fa083" id="centro-interdisciplinario-proeib-andes" data-block-id="d4fa083"><style>.stk-d4fa083 .stk-block-heading__text{font-size:40px !important}@media screen and (max-width:999px){.stk-d4fa083 .stk-block-heading__text{font-size:40px !important}}</style><h2 class="stk-block-heading__text">Centro Interdisciplinario PROEIB Andes</h2></div>



<p>El Programa de Formación en Educación Intercultural Bilingüe para los Países Andinos (PROEIB Andes) desarrolla sus actividades desde 1996 en la Facultad de Humanidades, de la Universidad Mayor de San Simón, constituyéndose en referente internacional en educación intercultural bilingüe e investigación en problemáticas relativas a los pueblos indígenas.</p>



<p>Este programa se fundó como iniciativa conjunta entre universidades, ministerios de educación y organizaciones de Bolivia y América Latina (Colombia, Chile, Ecuador, Perú y Argentina), y agencias de cooperación internacional. Desde el 2000 al 2011 fue parte del Proyecto Universidad Indígena Intercultural, en convenio con el Fondo de Desarrollo para los Pueblos Indígenas de América Latina y El Caribe, con lo cual amplió su radio de acción a Centro América con 19 universidades aliadas.</p>



<p>Sus principales actividades son la formación, la investigación, la asistencia técnica, la asesoría en Educación e Interculturalidad, la gestión documental y la publicación e interacción social. El desarrollo de sus actividades está en consonancia con las demandas sociales por una educación cultural y lingüísticamente pertinente en los contextos de diversidad cultural de América Latina. Por ello, coordina con organizaciones indígenas, ministerios, universidades, organismos de cooperación internacional y otras instituciones que trabajan con la Educación Intercultural y Bilingüe.</p>



<div class="wp-block-stackable-spacer stk-block-spacer stk--no-padding stk-block stk-fdf3d79" data-block-id="fdf3d79"></div>



<div class="wp-block-stackable-image stk-block-image stk-block stk-69ebe7e" data-block-id="69ebe7e"><figure><span class="stk-img-wrapper stk-image--shape-stretch"><img loading="lazy" decoding="async" class="stk-img wp-image-824" src="http://www.proeibandes.org/wp-content/uploads/2024/05/ojos.jpg" width="1080" height="1080" srcset="https://www.proeibandes.org/wp-content/uploads/2024/05/ojos.jpg 1080w, https://www.proeibandes.org/wp-content/uploads/2024/05/ojos-300x300.jpg 300w, https://www.proeibandes.org/wp-content/uploads/2024/05/ojos-1024x1024.jpg 1024w, https://www.proeibandes.org/wp-content/uploads/2024/05/ojos-150x150.jpg 150w, https://www.proeibandes.org/wp-content/uploads/2024/05/ojos-768x768.jpg 768w" sizes="(max-width: 1080px) 100vw, 1080px" /></span></figure></div>



<div class="wp-block-stackable-spacer stk-block-spacer stk--no-padding stk-block stk-a700060" data-block-id="a700060"></div>



<p>El PROEIB Andes ha atravesado por 2 etapas. Una bajo el auspicio de la Cooperación Internacional, especialmente de la República de Alemania (GTZ), y otra desde el 2007 cuando pasó a ser parte de la UMSS. Considerado como un programa de referencia en América Latina, se abre una tercera etapa de desafíos a nivel regional que implican mantener y fortalecer su nicho histórico académico en lo que respecta a la Educación y a la Interculturalidad, ampliar su know how y servicios atendiendo a las demandas todavía crecientes por una formación educativa y de investigación no cubiertas en la región latinoamericana, bajo un enfoque intercultural.</p>



<p>Desde 1998 a la fecha, ha concluido con ocho versiones de su Maestría en EIB, cuatro versiones de un Curso de Especialización en EIB en América Latina, y dos versiones de la Maestría en Sociolingüística. En ambas maestrías, hasta la fecha, 243 estudiantes han concluido sus estudios y de ellos, se han titulado 205 entre hombres y mujeres de origen indígena provenientes de varios países de América Latina, llegando a 84% de titulación. Fueron parte de estos cursos, estudiantes indígenas y no indígenas de Argentina, Belice, Bolivia, Chile, Colombia, Costa Rica, Ecuador, Guatemala, Honduras, México, Nicaragua, Panamá, Paraguay, Perú y Venezuela.</p>



<p>Desde el 2013, el PROEIB Andes, en convenio con la Universidad Católica de Lovaina, Bélgica, desarrolla la Maestría en Sociolingüística (3ª versión). El 2016 el PROEIB Andes inició el doctorado en Estudios Socioculturales. También continuará con el desarrollo de la Maestría en Educación Intercultural Bilingüe, en su décima versión, desde el 2019.</p>



<p>El 2017, con base en su trayectoria, experiencia y prestigio internacional, se ha constituído en Centro Interdisciplinario PROEIB Andes, como unidad de investigación especializada y de formación posgradual.</p>



<p>El 2017, con base en su trayectoria, experiencia y prestigio internacional, se ha constituído en Centro Interdisciplinario PROEIB Andes, como unidad de investigación especializada y de formación posgradual. Asimismo, se ha dado inicio al Doctorado en Estudios Socioculturales.</p>



<div class="wp-block-stackable-spacer stk-block-spacer stk--no-padding stk-block stk-d60d141" data-block-id="d60d141"></div>

<p>En el primer semestre de 2024, lanzamos la convocatoria para la maestría en “Bio-educación y Culturas”, desarrollada en el Centro Interdisciplinario PROEIB Andes (CIPA), con apoyo del Departamento de Posgrado de la Facultad de Humanidades y Ciencias de la Educación en la Universidad Mayor de San Simón (UMSS). Desde inicio del milenio, el CIPA ha [&hellip;]</p>
