{"id":1838,"date":"2024-09-03T10:12:17","date_gmt":"2024-09-03T14:12:17","guid":{"rendered":"https:\/\/www.proeibandes.org\/?page_id=1838"},"modified":"2024-09-03T10:24:49","modified_gmt":"2024-09-03T14:24:49","slug":"presentacion-revista-dialogica-intercultural-tercer-numero","status":"publish","type":"page","link":"https:\/\/www.proeibandes.org\/?page_id=1838","title":{"rendered":"Presentaci\u00f3n revista: Dial\u00f3gica Intercultural, tercer n\u00famero"},"content":{"rendered":"\n<p><\/p>\n\n\n\n<p>El editor general de la revista explica todos los detalles de c\u00f3mo se concibi\u00f3 la tercera versi\u00f3n de la revista.<\/p>\n\n\n\n<div class=\"wp-block-stackable-image stk-block-image stk-block stk-3e692e1\" data-block-id=\"3e692e1\"><style>.stk-3e692e1 .stk-img-wrapper{width:100% !important}<\/style><figure><span class=\"stk-img-wrapper stk-image--shape-stretch\"><img loading=\"lazy\" decoding=\"async\" class=\"stk-img wp-image-1844\" src=\"http:\/\/www.proeibandes.org\/wp-content\/uploads\/2024\/09\/Arte-de-presentacion.jpg\" width=\"2160\" height=\"920\" srcset=\"https:\/\/www.proeibandes.org\/wp-content\/uploads\/2024\/09\/Arte-de-presentacion.jpg 2160w, https:\/\/www.proeibandes.org\/wp-content\/uploads\/2024\/09\/Arte-de-presentacion-300x128.jpg 300w, https:\/\/www.proeibandes.org\/wp-content\/uploads\/2024\/09\/Arte-de-presentacion-1024x436.jpg 1024w, https:\/\/www.proeibandes.org\/wp-content\/uploads\/2024\/09\/Arte-de-presentacion-768x327.jpg 768w, https:\/\/www.proeibandes.org\/wp-content\/uploads\/2024\/09\/Arte-de-presentacion-1536x654.jpg 1536w, https:\/\/www.proeibandes.org\/wp-content\/uploads\/2024\/09\/Arte-de-presentacion-2048x872.jpg 2048w\" sizes=\"(max-width: 2160px) 100vw, 2160px\" \/><\/span><\/figure><\/div>\n\n\n\n<div class=\"wp-block-stackable-call-to-action stk-block-call-to-action stk-block stk-211c99a stk-block-background is-style-default\" data-v=\"2\" data-block-id=\"211c99a\"><style>.stk-211c99a{background-color:var(--theme-palette-color-5,#edeff2) !important}.stk-211c99a:before{background-color:var(--theme-palette-color-5,#edeff2) !important}<\/style><div class=\"stk-block-call-to-action__content stk-content-align stk-211c99a-column stk-container stk-211c99a-container stk-hover-parent\"><div class=\"has-text-align-center stk-block-content stk-inner-blocks stk-211c99a-inner-blocks\">\n<div class=\"wp-block-stackable-button-group stk-block-button-group stk-block stk-fa7d75e\" data-block-id=\"fa7d75e\"><div class=\"stk-row stk-inner-blocks stk-block-content stk-button-group\">\n<div class=\"wp-block-stackable-button stk-block-button stk-block stk-061be3d\" data-block-id=\"061be3d\"><a class=\"stk-link stk-button stk--hover-effect-darken\" href=\"https:\/\/youtu.be\/S3x_T2yPNt0?si=0htGgl4IOdmwDhtN\" target=\"_blank\" rel=\"noreferrer noopener\"><span class=\"stk-button__inner-text\">Ver presentaci\u00f3n<\/span><\/a><\/div>\n<\/div><\/div>\n<\/div><\/div><\/div>\n\n\n\n<p><\/p>\n","protected":false},"excerpt":{"rendered":"<p>El editor general de la revista explica todos los detalles de c\u00f3mo se concibi\u00f3 la tercera versi\u00f3n de la revista. Ver presentaci\u00f3n<\/p>\n","protected":false},"author":2,"featured_media":0,"parent":0,"menu_order":0,"comment_status":"closed","ping_status":"closed","template":"","meta":{"footnotes":""},"class_list":["post-1838","page","type-page","status-publish","hentry"],"blocksy_meta":[],"_links":{"self":[{"href":"https:\/\/www.proeibandes.org\/index.php?rest_route=\/wp\/v2\/pages\/1838"}],"collection":[{"href":"https:\/\/www.proeibandes.org\/index.php?rest_route=\/wp\/v2\/pages"}],"about":[{"href":"https:\/\/www.proeibandes.org\/index.php?rest_route=\/wp\/v2\/types\/page"}],"author":[{"embeddable":true,"href":"https:\/\/www.proeibandes.org\/index.php?rest_route=\/wp\/v2\/users\/2"}],"replies":[{"embeddable":true,"href":"https:\/\/www.proeibandes.org\/index.php?rest_route=%2Fwp%2Fv2%2Fcomments&post=1838"}],"version-history":[{"count":4,"href":"https:\/\/www.proeibandes.org\/index.php?rest_route=\/wp\/v2\/pages\/1838\/revisions"}],"predecessor-version":[{"id":1846,"href":"https:\/\/www.proeibandes.org\/index.php?rest_route=\/wp\/v2\/pages\/1838\/revisions\/1846"}],"wp:attachment":[{"href":"https:\/\/www.proeibandes.org\/index.php?rest_route=%2Fwp%2Fv2%2Fmedia&parent=1838"}],"curies":[{"name":"wp","href":"https:\/\/api.w.org\/{rel}","templated":true}]}}