{"id":44,"date":"2018-06-25T19:55:28","date_gmt":"2018-06-25T19:55:28","guid":{"rendered":"http:\/\/ciproeib.proeibandes.org\/?page_id=44"},"modified":"2024-06-18T17:14:24","modified_gmt":"2024-06-18T21:14:24","slug":"metodologia","status":"publish","type":"page","link":"https:\/\/www.proeibandes.org\/?page_id=44","title":{"rendered":"Metodolog\u00eda"},"content":{"rendered":"\n<div class=\"wp-block-stackable-spacer stk-block-spacer stk--no-padding stk-block stk-bff73bc\" data-block-id=\"bff73bc\"><\/div>\n\n\n\n<p>La investigaci\u00f3n y la producci\u00f3n de conocimiento son la base metodol\u00f3gica de los procesos de formaci\u00f3n en la Maestr\u00eda. La modalidad del Programa es presencial. La maestr\u00eda es de sistema modular centrada en formaci\u00f3n te\u00f3rica y en investigaci\u00f3n con trabajos de campo y la elaboraci\u00f3n de tesis, donde los estudiantes son promotores de la revitalizaci\u00f3n de lenguas partiendo por el uso de su propia lengua con conciencia y lealtad ling\u00fc\u00edstica. Las l\u00edneas de investigaci\u00f3n del Programa que nutren los procesos de formaci\u00f3n y orientan el desarrollo de las tesis de los maestrantes son las siguientes:<\/p>\n\n\n\n<ul class=\"wp-block-list\">\n<li>Lenguas en peligro de extinci\u00f3n y acciones para su revitalizaci\u00f3n. Coordinado por el Dr. Pedro Plaza.<\/li>\n\n\n\n<li>Capitales culturales y reproducci\u00f3n cultural: Educaci\u00f3n y curr\u00edculo. Coordinado por el Mgr. Jos\u00e9 Antonio Arrueta.<\/li>\n\n\n\n<li>Ecolog\u00eda de lenguas ind\u00edgenas en contextos de globalizaci\u00f3n tecnol\u00f3gica y ling\u00fc\u00edstica. Coordinado por el Mgr. Vicente Limachi.<\/li>\n\n\n\n<li>Pluralismo epistemol\u00f3gico del territorio, gesti\u00f3n de conocimientos y educaci\u00f3n. Coordinado por el Dr. Fernando Prada Ram\u00edrez.<\/li>\n\n\n\n<li>Memorias bioculturales, lenguas ind\u00edgenas y crisis ecol\u00f3gica. Coordinada por la Mgr. Marina Arratia.<\/li>\n\n\n\n<li>Diversidad\/interculturalidad en la educaci\u00f3n superior (DIES). Coordinado por el Dr. Jos\u00e9 Fernando Galindo.<\/li>\n\n\n\n<li>Biling\u00fcismo e interculturalidad en \u00e1reas urbanas. Coordinada por la Dra. Inge Sichra.<\/li>\n\n\n\n<li>Relaciones ling\u00fc\u00edsticas en comunidades ind\u00edgenas. Coordinado por el Dr. Te\u00f3filo Laime.<\/li>\n<\/ul>\n\n\n\n<div class=\"wp-block-stackable-spacer stk-block-spacer stk--no-padding stk-block stk-108a79d\" data-block-id=\"108a79d\"><\/div>\n","protected":false},"excerpt":{"rendered":"<p>La investigaci\u00f3n y la producci\u00f3n de conocimiento son la base metodol\u00f3gica de los procesos de formaci\u00f3n en la Maestr\u00eda. La modalidad del Programa es presencial. La maestr\u00eda es de sistema modular centrada en formaci\u00f3n te\u00f3rica y en investigaci\u00f3n con trabajos de campo y la elaboraci\u00f3n de tesis, donde los estudiantes son promotores de la revitalizaci\u00f3n [&hellip;]<\/p>\n","protected":false},"author":1,"featured_media":0,"parent":40,"menu_order":2,"comment_status":"closed","ping_status":"closed","template":"","meta":{"footnotes":""},"class_list":["post-44","page","type-page","status-publish","hentry"],"blocksy_meta":[],"_links":{"self":[{"href":"https:\/\/www.proeibandes.org\/index.php?rest_route=\/wp\/v2\/pages\/44"}],"collection":[{"href":"https:\/\/www.proeibandes.org\/index.php?rest_route=\/wp\/v2\/pages"}],"about":[{"href":"https:\/\/www.proeibandes.org\/index.php?rest_route=\/wp\/v2\/types\/page"}],"author":[{"embeddable":true,"href":"https:\/\/www.proeibandes.org\/index.php?rest_route=\/wp\/v2\/users\/1"}],"replies":[{"embeddable":true,"href":"https:\/\/www.proeibandes.org\/index.php?rest_route=%2Fwp%2Fv2%2Fcomments&post=44"}],"version-history":[{"count":3,"href":"https:\/\/www.proeibandes.org\/index.php?rest_route=\/wp\/v2\/pages\/44\/revisions"}],"predecessor-version":[{"id":1335,"href":"https:\/\/www.proeibandes.org\/index.php?rest_route=\/wp\/v2\/pages\/44\/revisions\/1335"}],"up":[{"embeddable":true,"href":"https:\/\/www.proeibandes.org\/index.php?rest_route=\/wp\/v2\/pages\/40"}],"wp:attachment":[{"href":"https:\/\/www.proeibandes.org\/index.php?rest_route=%2Fwp%2Fv2%2Fmedia&parent=44"}],"curies":[{"name":"wp","href":"https:\/\/api.w.org\/{rel}","templated":true}]}}